2 - 439. Let r = -2 - -3. What is f(r)?
1
Let a(z) = -2*z**3 - z**2 + z + 1. Let r be (-1)/2*-10 + 3. Let u be ((-5)/2)/(1/4). Let f = u + r. What is a(f)?
11
Let n(k) be the second derivative of -k**5/20 - 2*k**4/3 - 7*k**3/6 + 7*k**2/2 + 17*k. Let i be n(-7). Let b(j) = -2*j - 4. Calculate b(i).
-18
Let h be -45 + -3*(-6)/9. Let b = 42 + h. Let u(z) = -z + 1. Determine u(b).
2
Let l(y) = y**3 - 12*y**2 - 1. Let k be (-9 + 3 + 9)/(1/4). Give l(k).
-1
Let t(c) = 11*c**2 - 2*c + 1. Let z(q) = -6*q - 45. Let b be z(-6). Let m be b/(-36) + 6/8. Give t(m).
10
Let t(v) = 36*v - 1. Let g be t(1). Let w = 29 - g. Let u(p) = p**2 + 7*p + 7. Calculate u(w).
1
Let u(i) = -i**2 + 8*i - 1. Let y be u(8). Let l(z) = z - 3 + 3. Calculate l(y).
-1
Let l(t) = t + 9. Let u be l(-7). Let d(n) = -u*n - 3 + 7*n - 2*n + n. Determine d(4).
13
Let o(q) = -q**2 - 5. Let s be (4 - 5)*-1*0. Give o(s).
-5
Let g(x) be the third derivative of 0*x + 0 - 9*x**2 + 1/8*x**4 - 2/3*x**3. Calculate g(3).
5
Let r(f) = 8*f + 4. Let t be 6*(5 + (-55)/10). Give r(t).
-20
Let x(h) = -h**3 - 3*h**2 + 3*h - 1. Let w be (-30)/5*28/(-12). Suppose w*s = 20*s + 24. Determine x(s).
3
Let x be 0 - 26/(-1*2). Let z(k) = -4*k**3 + 2*k**3 + k**3 + 14*k + 12*k**2 + 5 - 4 - 14. Calculate z(x).
0
Suppose -5*n + y - 60 = 0, 3*n - 3*y = -0*y - 48. Let d(q) = q + 14. Let m be d(n). Let b(u) = -u**m - 7*u + 3*u - 1 - 7*u**2 + 6. What is b(-6)?
-7
Let f(d) = -d**2 - 5*d - 3. Suppose 2*t = -5*m - 12, 5*m - 4*t + 5*t = -11. Let z be f(m). Let y(l) = -1 - l**3 + 0 - z - 8*l**2 + 5. Determine y(-8).
1
Let n = 2176 - 2178. Let r(m) = 6*m**2 + m - 6. Let g(j) = -7*j**2 - 2*j + 7. Let x(f) = -3*g(f) - 4*r(f). Calculate x(n).
-13
Let u(t) = -3*t + 6 + 2*t + 5*t - 3*t. Let w(a) = -2*a - 12. Let k(z) = 7*u(z) + 3*w(z). What is k(-6)?
0
Suppose -7*t + z = -2*t + 25, -5*t - 4*z = 50. Let c(s) = -107*s + s**2 + 204*s + 1 - 92*s. What is c(t)?
7
Let j(h) = h**2 + h - 2. Let r(q) = -9*q**3 + q**2 - 1. Let s(w) = j(w) - r(w). Give s(1).
9
Let t = 103 - 98. Let l(y) = -y + 4*y - 9 + 2 - 2*y. What is l(t)?
-2
Let y(r) = r**2 - 11*r + 15. Suppose -3*s + 2 = -1. Suppose g = 3*a + s, -4*g + 6*a + 25 = a. Let f be y(g). Let t(l) = l**3 - 5*l**2 - 2*l + 2. What is t(f)?
-8
Let y(l) = -2*l**3 + 2*l**2 + l + 2. Let u = 11 + -7. Suppose j = r + u, -5*r = -2*j + 16 - 2. Let c be y(j). Let i(g) = g**2 + 4*g + 6. Give i(c).
6
Let n(j) = 2*j**2 + 20*j**2 + j - 2 - 21*j**2 + j**3 + 3*j**2. Calculate n(-3).
4
Let j(o) = -o**2 - 3*o + 13. Let u(v) = 3*v**2 + 10*v - 36. Let z(y) = -17*j(y) - 6*u(y). Determine z(-8).
3
Let w(p) be the third derivative of p**6/120 + p**5/12 + p**4/4 + p**3/2 + 3*p**2. Suppose o + 0 + 4 = 0. Calculate w(o).
-5
Let p(m) = -m**3 + 7*m**2 - 5*m + 2. Let z(d) = -d**2 - 7*d - 4. Let g be z(-6). Let f(q) = -2*q - 2. Let v be f(g). Let a be (-38)/v + (-1)/3. What is p(a)?
8
Let c be 2 + 24/(-14) - (-492)/42. Let p(a) = 21*a - 6 - c*a - a**2 - 2*a. Determine p(4).
6
Let b(r) = -r**3 + 5*r**2 - 6*r + 4. Let o be b(3). Let q(d) = -d + 8. Let z(c) = -c + 9. Let m(i) = 4*q(i) - 3*z(i). What is m(o)?
1
Suppose 32 = 2*v + 16. Let k be -2 + v/4 + 10 + 0. Let z(f) = f**3 - 11*f**2 + 11*f - 13. What is z(k)?
-3
Let t(a) = -a**3 - a**2 - a + 3. Let q(p) = 2*p - 3. Suppose -3*f - 7*s = -3*s, -2*f - 3*s = 1. Let g be q(f). Suppose 3*c = g*c. Determine t(c).
3
Let w(c) = -c + 5. Let z(q) = 0 + 2 - 1. Let i(h) = 2*w(h) - 18*z(h). Give i(-6).
4
Let v(h) = h**3 - 2*h**2 - 2*h - 1. Let u be (6/9)/(4/18). Calculate v(u).
2
Let c(g) = 15*g + 3. Let v(w) = 7*w + 2. Let b(l) = -2*c(l) + 5*v(l). Let o = -13 + 6. Let s(t) = 6*t + 4. Let n(j) = o*b(j) + 6*s(j). Determine n(0).
-4
Let c(t) = -t**3 - 1. Let f(r) = r**3 - 7*r**2 + 5*r + 4. Let k be f(4). Let a(l) = 24*l**3 + l**2 - l. Let s be a(-1). Let i = s - k. Give c(i).
-9
Suppose 2*q = -7*n + 4*n - 8, -2*n - 9 = 5*q. Let c(y) = -3*y - 10. Give c(n).
-4
Let n = -220 - -214. Let i(q) = q**3 + 6*q**2 + q. What is i(n)?
-6
Let u(r) = r**3 + 3*r**2 - 12*r - 5. Let a be u(3). Let w(j) = j**2 - 12*j - 15. Determine w(a).
-2
Let u(h) = 0*h**3 + 5*h**3 - 6 - 4*h**3 - 7*h - 5*h**2 + 0*h**3 + 1. Calculate u(6).
-11
Let v(c) = c**2 - 7*c + 3. Suppose -z - 7 = -3*w, -z - 5*w = -4*z - 9. Suppose 2*p = 4*f - 32, -6*f - 4*p = -z*f - 8. Suppose 4*a - 5*a = -f. Give v(a).
-3
Let t(m) = 3*m**3 - 20*m**2 - 8*m + 11. Let f(j) = -2*j**3 + 14*j**2 + 5*j - 7. Let n(u) = 7*f(u) + 5*t(u). Calculate n(4).
18
Let s(k) = k - 6 - 4 - 1 + 0. Suppose 116*a = 88*a + 308. Calculate s(a).
0
Let z(v) = v**3 - v**2 - 2*v - 1. Let k be (0 + (-1)/3)*3. Calculate z(k).
-1
Let i(g) = g**2 - 4*g - 2. Let p(k) = 0*k - 17 - 3*k + 10 - 7. Let o be p(-6). Determine i(o).
-2
Let h = -438 - -449. Let u(m) = -m**2 + 11*m + 6. Give u(h).
6
Let c(q) = 180*q + 17 - 11*q**2 + 4*q**2 + 6*q**2 - 177*q. Calculate c(5).
7
Let r(c) = 7*c**2 - 7*c + 15. Let s(n) = 2*n**2 + 7*n**2 + 8 - 2*n**2 - 3*n**2 - 3*n. Let l(h) = -3*r(h) + 5*s(h). Let j be ((-6)/(-7))/((-6)/(-28)). Give l(j).
3
Let b(u) = -u + 10. Let l be b(5). Suppose -6 - 9 = -l*r. Let g(t) = 4*t + 5 + r - 4 - 3. Give g(1).
5
Let z(b) = -b**3 - 11*b**2 - 13*b - 6. Let c = -755 + 745. Give z(c).
24
Let u(m) be the first derivative of -m**3/3 + m**2 - m - 18. What is u(4)?
-9
Suppose 0 = -6*y + 9*y - 5*r - 260, -175 = -2*y + 3*r. Let k = y - 101. Let n(g) = 4*g + 7. What is n(k)?
-17
Let a(k) = 11*k**2 - k. Let x(r) = -r**3 - 10*r**2 - 18*r - 15. Let s be x(-8). Give a(s).
10
Let w(j) = -7*j**3 + 12*j**2 - 5*j - 1. Let n(g) = -6*g**3 + 11*g**2 - 4*g - 1. Let f(c) = 6*n(c) - 5*w(c). Calculate f(6).
5
Let c(y) = 3*y**2 - 1 - 8*y - y**2 - 3*y**2. Let k be ((-20)/15)/((-4)/18). Let v = -10 + k. Give c(v).
15
Let j(k) = -5*k**2 - 1. Let r(s) = s**2 + 1. Let g(p) = -j(p) - 3*r(p). Determine g(2).
6
Let j(m) = -2*m**2 - 21*m - 28. Let g(u) = u**2 + 10*u + 13. Let w(o) = -9*g(o) - 4*j(o). What is w(-4)?
3
Let a(j) = -3*j - 1 + 0 - 2 + 5. Suppose -3*m - 5*n = -9, 4*m + 0*m - 2*n = -14. What is a(m)?
8
Let l(n) = n**3 - 4*n**2 + 6*n - 4. Suppose 5*g - 162 + 1082 = 0. Let m be (-2)/(-12) - g/48. Determine l(m).
20
Let m(s) = -35*s**2 - 5*s - 3*s + 7*s + 11 + 34*s**2. Determine m(0).
11
Let j be (-16)/10*-29 + 2/(-5). Let c = -44 + j. Let x(f) = -3*f. What is x(c)?
-6
Let m(y) = y - 7. Let f = 33 + -33. Let g be f*-5*(-2)/20. Suppose g = -0*i + 3*i - 15. Determine m(i).
-2
Let h be (4/(-6))/((-2)/3). Suppose 3 = 2*x - h. Let l(i) be the third derivative of -i**6/120 + i**5/20 - i**3/6 + 6*i**2 + 6*i. Calculate l(x).
3
Let j(o) = o**2 + 7*o - 9. Suppose 10*f + 2 = 4*s + 12*f, 5*f + 37 = 4*s. Suppose 17 = -s*r - 4*z, -4*z = 4*r - 5*r - 11. Give j(r).
-9
Let z(t) = -t**2 - 14*t + 1. Let i be z(-10). Let j = i - 38. Let w(f) be the first derivative of -f**2 - f + 3. Determine w(j).
-7
Suppose 5*i + 4*u - 3 - 6 = 0, 2*i - 22 = 3*u. Let b(q) = -q**2 - 4. Give b(i).
-29
Suppose 7*s = 6*s. Let w(b) = -14*b**2 + 8*b + 7. Let k(c) = 5*c**2 - 3*c - 2. Let j(r) = 11*k(r) + 4*w(r). Give j(s).
6
Let f(g) = 5*g - 16. Let w be f(8). Suppose 0 = -6*q + 2*q - w. Let j(p) = -1. Let y(b) = 3*b - 4. Let k(c) = q*j(c) + y(c). Determine k(-2).
-4
Let l(h) be the second derivative of -h**4/12 + h**3/6 + 2*h. Suppose 0 = 12*b - 10*b + 2. What is l(b)?
-2
Let s(m) = 6512*m - 3256*m - 3255*m - 1. Give s(-3).
-4
Let j(y) = y**3 + 12*y**2 - y - 1. Suppose -3*u = 5*p + 60, -2*p - 24 = -14*u + 13*u. Determine j(p).
11
Let y(i) = i**2 + i + 12. Let f be y(0). Let t = f - 16. Let s(u) = -2 + 4 + 0*u + 3 + u. Calculate s(t).
1
Suppose -7 + 1 = 3*p. Let i(u) = -3*u**2 - 3*u - 1 - 1 + 4 - 3. Give i(p).
-7
Let s(m) = 16*m**3 - 2*m**2 - 10*m - 4. Let p(c) = 19*c**3 - 3*c**2 - 11*c - 3. Let u(r) = -5*p(r) + 6*s(r). Give u(-4).
-5
Let h be 5 + -6 + -4 + 3 + 2. Let f(p) = -p + 6. Calculate f(h).
6
Let r(y) = -37*y**2 + 32*y**2 + 1 - 2 - 3*y. Let f be r(-2). Let o be f/4 + 3/(-12). Let w(x) = x**2 + 4*x + 3. Calculate w(o).
3
Let u(v) = v**2 - 2*v - 4. Let r(z) = z**3 - z**2 + 2*z - 1. Let o be r(0). Let n be (-11)/(330/24)*o*5. Calculate u(n).
4
Suppose -3*z - 84 = -5*r, 5*z = 5*r - 96 + 6. Let s = r - 17. Let x(k) = k + 1. Let p(b) = b + 1. Let d(q) = -6*p(q) + 7*x(q). Give d(s).
-1
Suppose 0 = 8*g - 63 + 79. Let p(r) = -4*r**2 -